 - 4 + 1. List the prime factors of x(8).
11
Suppose -5*u = 12 - 22. List the prime factors of (-85 - u/(-2))/((-15)/20).
2, 7
Let d(f) = -f**2 + 3*f + 3. Let x be d(7). Let g = x + 27. Suppose 2*a = 5*a - g*p - 182, -5*a - p = -286. List the prime factors of a.
2, 29
Let d = -102 - -176. Suppose -4*a + 3*a + 71 = 4*t, -4*t = -2*a - d. What are the prime factors of t?
2, 3
Let s(q) = 2*q - 6. Let g be s(4). Suppose -31 = g*x + 89. What are the prime factors of 8/x*3*-20?
2
Suppose -3*m + 710 = 5*i - 1577, -3*i + 757 = m. List the prime factors of m.
769
Let d = -18 - -21. Let m(n) = n**d + 5*n**2 - n - 12*n**2 + 27 + 6*n**2. What are the prime factors of m(0)?
3
Suppose -148*a + 2376 = -142*a. List the prime factors of a.
2, 3, 11
Let q = 64 - 61. Suppose -5*o + 3*o = 3*f - 349, -q*f = -3*o + 486. What are the prime factors of o?
167
Suppose -4*j = y - 1588, -446 = -j + 5*y - 28. Suppose 4*x + 721 = 4*i - 43, 0 = -2*i - 2*x + j. Suppose 0 = -9*v + 4*v + i. List the prime factors of v.
3, 13
Let h(c) = -6*c**2 - 6*c - 18. Let t(g) = -g - 5. Let x be t(-11). Let s(q) = -5*q**2 - 7*q - 17. Let j(d) = x*h(d) - 7*s(d). List the prime factors of j(13).
11
Let k be (-1 + 1)*(-11)/(-22). Suppose -3*t + 3*x + 99 = k, 2*t - 63 = 2*x + x. List the prime factors of t.
2, 3
Suppose 6*c + 2*q + 2495 = 9*c, 1658 = 2*c + 4*q. What are the prime factors of c?
3, 277
Suppose -2*f + x + 305 = -2*x, 4*f + 2*x = 570. List the prime factors of f.
5, 29
Let p(u) = 192*u - 1. Let m be p(-1). Let j = -298 - m. List the prime factors of (30/(-25))/(6/j).
3, 7
Let g(t) = -4*t + 6*t + 5 + 2*t**2 + 5*t. Let n be g(9). Suppose -5*r = -10*r + n. List the prime factors of r.
2, 23
What are the prime factors of (-1 - 5)/(7/((-72016)/24))?
2, 643
Suppose -4*r = -6 - 10, 5*z - 4*r = 69. Let x(s) = -6*s + 3. Let y be x(2). Let d = y + z. What are the prime factors of d?
2
Let z = -24 + 25. List the prime factors of 96/8 + -1*z.
11
Let i = 1089 - -74. List the prime factors of i.
1163
Let z(p) = p**3 - 9*p**2 + 2*p + 3. Let k(r) = r**2 - r + 1. Let t(b) = -k(b) - z(b). What are the prime factors of t(5)?
2, 3, 11
Let l = -3 + 3. Let q be (3/9*l)/(-2). Suppose 4*j - 2*c - 50 = q, -4*c = 4*j - 72 - 8. List the prime factors of j.
3, 5
Let b(f) = 9*f**2 - 14*f + 11. Let h(a) = 8*a**2 - 14*a + 12. Let x(q) = -6*b(q) + 7*h(q). What are the prime factors of x(-7)?
2, 107
Let x = 266 + -15. What are the prime factors of x?
251
Suppose 0 = -4*u + u + 1017. Suppose -159 - u = -6*m. What are the prime factors of m?
83
Let a(m) = -208*m - 54. List the prime factors of a(-6).
2, 3, 199
Suppose 352*f = 356*f - 9184. What are the prime factors of f?
2, 7, 41
Let o = 250 - 163. Let r = 44 - o. Let g = -25 - r. List the prime factors of g.
2, 3
Suppose 163*d = 159*d + 4748. List the prime factors of d.
1187
Let f(n) = n**3 + 6*n**2 - 9*n - 14. Let l be f(-7). Suppose i + 8 = 5*i. Suppose 5*p + 2*v - 276 + 92 = 0, l = 2*p + i*v - 76. List the prime factors of p.
2, 3
Let d(c) = c - 28. Let p be d(16). Let k(s) = 0*s**3 - 14*s - 2*s**3 - 12 + 3*s**3 + 11*s**2. What are the prime factors of k(p)?
2, 3
List the prime factors of (-3)/2*((-16640)/(-12))/(-10).
2, 13
List the prime factors of (-134)/10*(-340)/4.
17, 67
Let h = 798 + -494. List the prime factors of h.
2, 19
Let y be 1/2*(-3 + -45). Let l = 6 - y. List the prime factors of l.
2, 3, 5
Suppose -3*o + 10 - 1 = 0. Let b(f) = -2*f + f - o + 2*f + 6. List the prime factors of b(5).
2
Let g be ((-8)/20)/((-2)/180). Let a = 38 - g. List the prime factors of a.
2
Let s(x) = -12*x - 15. Suppose -9*b = 10*b + 38. What are the prime factors of s(b)?
3
What are the prime factors of (-70)/105*3/(-2) - -1982?
3, 661
Suppose -x + 2*x - 10 = -2*t, -88 = -4*x + 4*t. Let j = x + -28. What are the prime factors of (1 - 5)/(2/j)?
2, 5
Let c(j) = -19 - j + 23*j**2 + 3*j - 7*j**2 - j**3 + 2*j**2. List the prime factors of c(18).
17
Let w be (-3)/(-12) + 11/4 + -3. Suppose -4*f = -3*p - 165, w = 3*f - 2*f + 2*p - 44. What are the prime factors of f?
2, 3, 7
Suppose -2*l = 3*i - 27, l + i + 4 = 16. Let q be 1/1 + 9/l. Suppose 50 = 4*z + q. List the prime factors of z.
2, 3
Suppose -37*f - 571 = -3605. What are the prime factors of f?
2, 41
Let m(k) be the first derivative of k**4/4 - 2*k**3 + 5*k**2/2 - 5*k - 6. Let z(i) = -i**2 - 7*i - 6. Let b be z(-3). What are the prime factors of m(b)?
5
Let c be (9 - 5) + 67 + -3. Suppose -2*b + 51 = 3*h, 3*b + c = -3*h + 7*h. What are the prime factors of h?
17
Let a be (-14 - 3)*-1 + 1. Suppose -h + 9 = -a. List the prime factors of 2/6 + 558/h.
3, 7
Let x be ((-6)/15)/(3/(-30)). Let i be x*(-2)/(12/(-3)). Suppose 6*u = 4*q + i*u - 88, 4*u + 115 = 5*q. What are the prime factors of q?
3
Let n = 18 - 4. Suppose g = 3*g - n. List the prime factors of g.
7
Let v(t) = 673*t + 789. List the prime factors of v(7).
2, 5, 11
Let y(s) be the first derivative of s**3/3 + 5*s**2/2 + 4*s - 4. Let t be y(-5). List the prime factors of (-10)/t*(-162)/15.
3
Let c(k) = 116*k + 418. What are the prime factors of c(17)?
2, 5, 239
Suppose -154*j + 150*j = -5052. What are the prime factors of j?
3, 421
Let v = 0 + 922. What are the prime factors of v?
2, 461
Let k = 59 - 57. Suppose -k*z = 54 - 202. What are the prime factors of z?
2, 37
Let o(h) = -2*h**3 + 53*h**2 - 20*h - 62. What are the prime factors of o(26)?
2, 47
Suppose -2*r - 4*c = -2*c + 254, -4*r - 493 = c. Let h = -338 - r. What are the prime factors of 28/(-3)*h/42?
2, 3
Suppose -2*c - 1 = 3*n - 17, 0 = -n + 3*c - 13. Let k = -4 - -8. Suppose l - 3*g = -2*g, -30 = -k*l - n*g. What are the prime factors of l?
5
Let l = 1443 - 1076. What are the prime factors of l?
367
Let h = 748 + 205. List the prime factors of h.
953
Let n = -782 - -1108. What are the prime factors of n?
2, 163
Let z be 1 - (7*1 + 0). Let r be 195/(-26)*(-36)/(-10). Let l = z - r. List the prime factors of l.
3, 7
Let d(o) = -o**2 - 4*o + 698. What are the prime factors of d(0)?
2, 349
Let a(g) = -g**3 - g**2 + g. Let l(w) = 5*w**3 + 18*w**2 - 7*w - 20. Let s(y) = 6*a(y) + l(y). List the prime factors of s(11).
2, 3, 5
Let k be 0/(3/(0 - 3)). Suppose k*i + 3*q - 10 = i, -3*i + 25 = 2*q. Suppose -1 = -l + i. List the prime factors of l.
2, 3
Let p = 2396 + -1684. List the prime factors of p.
2, 89
Suppose 4*r - 186 = 86. List the prime factors of (-8001)/(-51) - (-8)/r.
157
Let i be (4*(-7)/28)/((-2)/(-648)). Let w = i + 587. What are the prime factors of w?
263
Suppose -2*y = -5*y + 54. Let a be (y/(-4) - -1)*-2. Suppose a*w = 2*w + 105. What are the prime factors of w?
3, 7
Suppose 5*r = -0*r + 5. Let k(q) = -6*q**2 - 2*q + 1. Let s be k(r). Let d(i) = -i + 6. What are the prime factors of d(s)?
13
Suppose 4662 + 4986 = 8*c. What are the prime factors of c?
2, 3, 67
Let k be (-122)/1*(-3)/6. Let m = k + -49. List the prime factors of m.
2, 3
Suppose -3*j + 3447 = 3*y, -4*j = j + 3*y - 5749. List the prime factors of j.
1151
Let w(b) = 10*b**2 + 23*b + 186. List the prime factors of w(-13).
19, 83
List the prime factors of (-6 + (-136)/(-24))/((-2)/1014).
13
List the prime factors of (-2 - (1 + -17))*5.
2, 5, 7
Suppose -5*u - 5*d - 25 = -2*u, -4*d - 20 = 5*u. Suppose u = 5*r + r - 390. List the prime factors of r.
5, 13
Let f = 255 + -83. List the prime factors of f.
2, 43
What are the prime factors of (-100010)/(-90) - (-6)/(-27)?
11, 101
Let r = 1199 - 299. List the prime factors of r.
2, 3, 5
Let z(r) = r + 82. Suppose -f + 2*m - 10 = -3*f, -5*f - 10 = -2*m. Let a be z(f). Let o = a - 27. List the prime factors of o.
5, 11
Suppose -u + 403 - 336 = 0. What are the prime factors of u?
67
Suppose 46*v - 161226 = -32*v. What are the prime factors of v?
3, 13, 53
Suppose -5*g + 4*g + 40 = 4*j, 0 = -3*j - 3*g + 39. Suppose 0*s - 2052 = -j*s. What are the prime factors of s?
2, 3, 19
What are the prime factors of 200/32 - 6 - (-6555)/4?
11, 149
Suppose -5*h = 3*f - 26, h + 4*f - 12 = -0*f. Suppose -16 = -h*g, -2*u - 3*g + 26 = g. Suppose -u*v + 21 = -4*v. What are the prime factors of v?
3, 7
List the prime factors of 345/(-60)*(1 + -493).
3, 23, 41
Let j(a) = a**2 - 4*a - 12. Let w be 28/2*(-2)/(-4). Let h be j(w). Suppose 0 = -3*q + k + 4*k - h, 3*q + 5*k - 21 = 0. What are the prime factors of q?
2
Suppos